se
Does 50 divide 81875?
False
Does 18 divide 1044?
True
Does 3 divide 15359?
False
Is 18116 a multiple of 31?
False
Is 1932 a multiple of 138?
True
Does 21 divide 8643?
False
Does 5 divide 275?
True
Is 17 a factor of 1870?
True
Is 101 a factor of 55045?
True
Is 6 a factor of 738?
True
Is 2860 a multiple of 48?
False
Does 29 divide 1366?
False
Is 47 a factor of 38228?
False
Does 7 divide 175?
True
Does 28 divide 4738?
False
Does 3 divide 265?
False
Is 112 a multiple of 25?
False
Is 1808 a multiple of 113?
True
Is 648 a multiple of 27?
True
Does 26 divide 546?
True
Is 13896 a multiple of 24?
True
Does 3 divide 151?
False
Is 234 a multiple of 9?
True
Does 5 divide 3010?
True
Does 17 divide 2801?
False
Is 4437 a multiple of 17?
True
Is 8 a factor of 3291?
False
Is 35 a factor of 2695?
True
Does 4 divide 2044?
True
Does 51 divide 5322?
False
Does 47 divide 1034?
True
Does 44 divide 308?
True
Is 170 a multiple of 26?
False
Does 8 divide 2071?
False
Is 3680 a multiple of 37?
False
Is 29481 a multiple of 60?
False
Is 4 a factor of 292?
True
Is 472 a multiple of 59?
True
Does 16 divide 3668?
False
Does 13 divide 2418?
True
Is 68 a factor of 47940?
True
Does 76 divide 1292?
True
Does 11 divide 275?
True
Does 11 divide 1505?
False
Is 30959 a multiple of 83?
True
Is 30412 a multiple of 11?
False
Is 6352 a multiple of 18?
False
Is 126 a multiple of 6?
True
Does 46 divide 52558?
False
Is 85 a multiple of 9?
False
Is 2862 a multiple of 4?
False
Does 11 divide 693?
True
Does 15 divide 3390?
True
Is 52529 a multiple of 154?
False
Does 16 divide 2196?
False
Is 81 a factor of 1723?
False
Does 271 divide 57452?
True
Is 8 a factor of 472?
True
Is 111 a factor of 6105?
True
Is 14 a factor of 350?
True
Is 20 a factor of 992?
False
Is 4210 a multiple of 54?
False
Does 83 divide 332?
True
Is 10 a factor of 1712?
False
Is 3590 a multiple of 10?
True
Is 187 a factor of 22434?
False
Is 5 a factor of 132?
False
Is 2277 a multiple of 19?
False
Does 7 divide 33355?
True
Is 11350 a multiple of 19?
False
Is 28 a factor of 1424?
False
Does 79 divide 7426?
True
Is 583 a multiple of 79?
False
Is 1162 a multiple of 83?
True
Does 263 divide 33976?
False
Is 3188 a multiple of 101?
False
Is 24 a factor of 20764?
False
Is 96 even?
True
Does 12 divide 1096?
False
Is 2175 a multiple of 19?
False
Is 7657 a multiple of 31?
True
Does 109 divide 436?
True
Is 49 a factor of 204?
False
Does 7 divide 9793?
True
Is 1386 a multiple of 18?
True
Is 10653 a multiple of 53?
True
Is 110 a multiple of 10?
True
Is 17854 a multiple of 113?
True
Is 5 a factor of 485?
True
Does 6 divide 324?
True
Is 12 a factor of 1740?
True
Does 108 divide 432?
True
Is 9744 a multiple of 7?
True
Is 3006 a multiple of 17?
False
Is 17553 a multiple of 207?
False
Is 255 a factor of 4080?
True
Is 31 a factor of 385?
False
Does 3 divide 204?
True
Is 13 a factor of 1638?
True
Is 12796 a multiple of 14?
True
Is 189 a multiple of 10?
False
Does 3 divide 376?
False
Is 51 a factor of 1783?
False
Is 20 a factor of 540?
True
Does 18 divide 223?
False
Is 3 a factor of 65?
False
Does 18 divide 1872?
True
Is 432 a multiple of 4?
True
Is 3 a factor of 288?
True
Is 378 a multiple of 7?
True
Does 191 divide 105477?
False
Is 1395 a multiple of 45?
True
Is 57667 a multiple of 27?
False
Is 107 a multiple of 37?
False
Does 18 divide 684?
True
Is 4632 a multiple of 6?
True
Does 13 divide 35651?
False
Is 218 a factor of 5668?
True
Does 18 divide 9738?
True
Is 15660 a multiple of 29?
True
Is 16 a factor of 1264?
True
Is 7656 a multiple of 66?
True
Is 26 a multiple of 9?
False
Is 9460 a multiple of 4?
True
Is 1968 a multiple of 2?
True
Does 5 divide 1677?
False
Is 17526 a multiple of 69?
True
Does 83 divide 5229?
True
Is 19 a factor of 2717?
True
Is 4 a factor of 148?
True
Is 52 a factor of 2106?
False
Is 36 a factor of 360?
True
Is 13 a factor of 130?
True
Is 5337 a multiple of 34?
False
Is 2966 a multiple of 71?
False
Is 30972 a multiple of 12?
True
Does 12 divide 624?
True
Is 167 a factor of 11420?
False
Is 17717 a multiple of 95?
False
Is 125 a multiple of 3?
False
Does 80 divide 1603?
False
Is 123 a factor of 39729?
True
Is 2526 a multiple of 9?
False
Is 1235 a multiple of 65?
True
Does 8 divide 334?
False
Is 17 a factor of 46466?
False
Is 5813 a multiple of 162?
False
Is 201 a multiple of 7?
False
Does 10 divide 3359?
False
Is 26 a factor of 2418?
True
Is 864 a multiple of 96?
True
Does 64 divide 111871?
False
Is 2 a factor of 109?
False
Is 15 a factor of 1572?
False
Is 29 a factor of 15138?
True
Is 899 a multiple of 27?
False
Is 12350 a multiple of 19?
True
Is 36 a factor of 2667?
False
Is 15 a factor of 94596?
False
Is 159 a factor of 72789?
False
Is 29 a factor of 7602?
False
Does 3 divide 149?
False
Is 504 a multiple of 72?
True
Is 28920 a multiple of 40?
True
Is 132588 a multiple of 29?
True
Is 16 a factor of 41920?
True
Is 121 a factor of 13707?
False
Is 64 a factor of 2048?
True
Is 45 a factor of 993?
False
Does 14 divide 1638?
True
Is 20 a factor of 5800?
True
Is 2442 a multiple of 35?
False
Does 44 divide 33992?
False
Does 11 divide 864?
False
Is 38 a multiple of 4?
False
Is 43190 a multiple of 17?
False
Is 9 a factor of 4536?
True
Is 131236 a multiple of 301?
True
Does 22 divide 23653?
False
Is 12 a factor of 536?
False
Does 11 divide 572?
True
Does 43 divide 14911?
False
Is 2800 a multiple of 10?
True
Is 12 a factor of 12292?
False
Is 199 a factor of 3754?
False
Is 1335 a multiple of 5?
True
Is 378 a multiple of 14?
True
Is 8 a factor of 10?
False
Does 42 divide 267?
False
Is 9987 a multiple of 13?
False
Is 114 a factor of 1366?
False
Is 729 a multiple of 27?
True
Is 59 a factor of 717?
False
Is 435 a multiple of 15?
True
Does 12 divide 1004?
False
Does 21 divide 649?
False
Does 12 divide 216?
True
Is 9069 a multiple of 6?
False
Is 1003 a multiple of 34?
False
Does 53 divide 61109?
True
Does 12 divide 12447?
False
Does 24 divide 1081?
False
Is 38 a factor of 111492?
True
Is 17812 a multiple of 211?
False
Does 12 divide 1080?
True
Is 19794 a multiple of 32?
False
Is 22092 a multiple of 21?
True
Is 5 a factor of 31090?
True
Does 98 divide 3572?
False
Is 11311 a multiple of 46?
False
Is 2823 a multiple of 2?
False
Does 7 divide 6608?
True
Does 30 divide 28863?
False
Does 5 divide 167?
False
Does 4 divide 303?
False
Does 6 divide 356?
False
Is 1658 a multiple of 263?
False
Does 10 divide 58140?
True
Is 9 a factor of 6793?
False
Does 20 divide 120?
True
Does 33 divide 2475?
True
Is 135 a multiple of 18?
False
Is 1494 a multiple of 3?
True
Does 224 divide 7168?
True
Is 7008 a multiple of 24?
True
Is 77 a multiple of 2?
False
Is 47 a factor of 94?
True
Does 45 divide 105075?
True
Is 268 a factor of 42516?
False
Does 13 divide 2252?
False
Is 826 a multiple of 59?
True
Is 214 a factor of 37236?
True
Is 2 a factor of 694?
True
Is 19 a factor of 1121?
True
Is 5728 a multiple of 30?
False
Does 15 divide 75?
True
Is 30543 a multiple of 93?
False
Is 24 a factor of 23055?
False
Is 11412 a multiple of 37?
False
Does 19 divide 14060?
True
Does 12 divide 6189?
False
Is 1169 a multiple of 49?
False
Is 16 a factor of 480?
True
Is 102 a factor of 1504?
False
Is 3583 a multiple of 47?
False
Does 70 divide 7770?
True
Is 28 a factor of 12432?
True
Is 8 a factor of 762?
False
Is 2 a factor of 892?
True
Is 1219 a multiple of 43?
False
Is 314 a factor of 23236?
True
Is 4464 a multiple of 124?
True
Is 39 a factor of 12051?
True
Does 5 divide 534?
False
Does 26 divide 427?
False
Is 624 a multiple of 7?
False
Is 77 a factor of 519?
False
Does 14 divide 2645?
False
Is 47 a factor of 13405?
False
Is 8 a factor of 23536?
True
Is 8 a factor of 5160?
True
Is 99 a factor of 38197?
False
Does 10 divide 33440?
True
Does 17 divide 10889?
False
Is 5712 a multiple of 68?
True
Is 410 a multiple of 5?
True
Is 270 a multiple of 3?
True
Is 3464 a multiple of 16?
False
Is 3276 a multiple of 98?
False
Does 47 divide 1316?
True
Is 18 a factor of 5987?
False
Is 2291 a multiple of 79?
True
Does 37 divide 19760?
False
Is 37407 a multiple of 95?
False
Does 16 divide 554?
False
Is 16 a factor of 63894?
False
Is 37 a factor of 148?
True
Is 18 a factor of 5385?
False
Is 840 a multiple of 15?
True
Is 273 a multiple of 31?
False
Does 12 divide 2844?
True
Does 24 divide 7000?
Fal